of i?
53
Let k(l) = -4*l**3 + 2*l**2 + 14*l - 14. What are the prime factors of k(-7)?
2, 7, 97
Suppose 5*j = -2*j + 21. Let x be (-3)/3*(j - 0). What are the prime factors of 28 + ((-8)/4 - x)?
29
Suppose 33*p + 3520 = 38*p. List the prime factors of p.
2, 11
Let w = 9 - 15. Let p be ((-19)/2)/((-1)/w). List the prime factors of (p/6)/((-1)/2).
19
Let f(m) = -20*m**3 + 44*m**2 - 18*m + 12. Let c(q) = -7*q**3 + 15*q**2 - 6*q + 4. Let i(u) = -17*c(u) + 6*f(u). List the prime factors of i(8).
2, 5
Let x be 44/6 + 80/(-60). Suppose h - x - 41 = 0. Let l = 18 + h. List the prime factors of l.
5, 13
Let o = 6 - -379. Let i = o + -201. What are the prime factors of i?
2, 23
Suppose -4*y - 7 = -23. What are the prime factors of (2/y)/((-6)/(-348))?
29
Let j = 201 + -468. Let z = -386 - j. List the prime factors of (510/z)/(3/(-14)).
2, 5
What are the prime factors of (-4)/10 - ((-15036)/15 + -3)?
3, 5, 67
Let v be 25/(-3*-4*(-3)/72). Let i = v + 86. What are the prime factors of i?
2, 3
Suppose -3*q - 5*h + 8 = 78, 0 = q - 3*h. What are the prime factors of (-1272)/(-30) + 6/q + 2?
2, 11
Suppose 0 = 55*m - 20*m - 30135. List the prime factors of m.
3, 7, 41
Suppose c = 2*c + 5*t + 5, 3*t - 20 = 4*c. Let s = 0 - c. Suppose -d - 4*r = -11, r + 93 = s*d - 46. List the prime factors of d.
3
What are the prime factors of 42/(-105) - (-4)/((-20)/(-15797))?
3, 13
Suppose z - s - 2*s + 10 = 0, -5*z = -4*s + 28. List the prime factors of 7258/19*(-2)/z.
191
Let t be 1 + 2 + (-32)/8. List the prime factors of t + -1 + 38 + -7.
29
Suppose 4*d - 2*d - 256 = -z, -514 = -2*z - 5*d. Suppose -4*l - z = -2*t, 3*t - l - l = 382. List the prime factors of t.
2
Let o be (2/3)/(3 + (-11)/3). What are the prime factors of 2 + -1 + 48 - (o - 1)?
3, 17
Suppose -p + 81 = -70. List the prime factors of p.
151
Suppose w - f = 3211, w - 3*f = 791 + 2410. List the prime factors of w.
2, 3, 67
What are the prime factors of 188/(-16)*1/((-4)/112)?
7, 47
Suppose -5*v + 162 - 27 = 0. What are the prime factors of 10/(3/v*1)?
2, 3, 5
Let g(q) = -8*q + 26. Let y be g(5). Let d = y + 22. What are the prime factors of d?
2
Let t(x) = -x**3 + x - 3. Let h be t(-5). Suppose 2*l = 2*v - 70, 2*v + v + 3*l - h = 0. What are the prime factors of v?
37
Let z = 18 + -9. Suppose 4*h - 10 = z*h. What are the prime factors of h/9 - (-605)/9?
67
Let w(x) = -x**3 + 18*x**2 - 19*x + 19. What are the prime factors of w(15)?
409
Let i = -210 - -1222. List the prime factors of i.
2, 11, 23
Let r(w) = -5*w**2 + 5*w**2 + 0*w**2 - 2*w**2 + w - w**3 + 5. Let g be r(-4). Let f = g + -16. List the prime factors of f.
17
Let p = 1719 - -1431. List the prime factors of p.
2, 3, 5, 7
List the prime factors of 11368/20*(-8 + 13).
2, 7, 29
Let a(i) = i**2 + 11 + 5 + 3 + 3*i - 23. Let n = 4 - -1. List the prime factors of a(n).
2, 3
Let t(y) = y**2 - 41*y - 167. What are the prime factors of t(46)?
3, 7
Suppose -24*v - 2423 = -5*b - 23*v, 2*b - 956 = -4*v. List the prime factors of b.
2, 11
Suppose -u = -6*b + 9*b - 2651, b + 4*u = 869. List the prime factors of b.
3, 5, 59
Suppose w + 3*w - 4 = 0. Suppose -d = -w + 10. What are the prime factors of -5*(-5)/((-75)/d)?
3
Let u = 1385 + -815. List the prime factors of u.
2, 3, 5, 19
Suppose 0*r + 4*r = -3*a + 3, 22 = 2*a - 4*r. What are the prime factors of a?
5
Suppose 1581*q - 1589*q + 3216 = 0. What are the prime factors of q?
2, 3, 67
Suppose 0 = 4*s + 1 - 9. List the prime factors of s/((-6)/9) + 69.
2, 3, 11
Let z be 3 + (-1 - 3) + 129. Suppose -2*w = x - 60, 2*x - 3*w = w + z. What are the prime factors of x?
2, 31
Let d(y) be the third derivative of y**4/24 - y**3/6 - 4*y**2 - 4*y. Suppose 5*g - 5 - 20 = 0. What are the prime factors of d(g)?
2
Suppose 48*o + 24 = 44*o. What are the prime factors of 3 + o*39/(-6)?
2, 3, 7
List the prime factors of (1/((-5)/(-8)))/((-16)/(-760)).
2, 19
Let u = 266 + 24. Suppose -4*j = -14*j + u. List the prime factors of j.
29
Suppose -831 = -5*v + 1594. Suppose -4*h + s = 2*s - v, 3*h - 364 = -s. List the prime factors of h.
11
Let y(r) = 12*r. Let c be y(2). Suppose -c = -m - 3*m. Suppose 7*x - 39 = m*x. List the prime factors of x.
3, 13
Let h(u) = -u**2 + u + 1. Let o = -13 - -11. Let y(s) = s**2 - 10*s - 4. Let r(m) = o*h(m) - y(m). List the prime factors of r(-12).
2, 5
List the prime factors of 212/318 + 18542/6.
11, 281
Let x = -2089 - -3627. Suppose -5*z = 4*k + x, 1234 = -4*z - 3*k - 2*k. List the prime factors of z/(-27) + 1/(-3).
11
Let n be (-68)/(-18) + 8/36. Suppose 4*t - 124 = -2*g, 9*g - 349 = n*g + 3*t. List the prime factors of g.
2, 17
Let f = 55 - 54. List the prime factors of 18300/375*-5*f/(-2).
2, 61
Let p = -381 + 677. What are the prime factors of p?
2, 37
Suppose 0 = 6*b + 18 - 6. List the prime factors of (-1052)/(-17) + 3*b/(-51).
2, 31
Suppose 0 = u - 2*n - 27, 3*u - 3*n - 55 - 38 = 0. Let c = u - 35. What are the prime factors of -1 + (c - -14) + -4?
3
Suppose 0*r = -6*r + 30. Suppose -2*x = -0*x - 5*b - 248, -5*b - 590 = -r*x. List the prime factors of x.
2, 3, 19
Let h be ((-20)/(-2) - 4)*(-1)/(-2). Let s be 5/(2*1/2). Suppose s*w - 82 = h*w. What are the prime factors of w?
41
Suppose 2*v = 2*f - 882, -2*f + 3*v + 439 = -f. What are the prime factors of f?
2, 13, 17
Let r be (-32)/1 - 3*1. Let h = 18 + r. Let n = h + 24. List the prime factors of n.
7
Suppose 1657 = o + c - 2551, 6*o = 5*c + 25248. List the prime factors of o.
2, 263
Let y = 92 + -90. List the prime factors of ((-139)/y)/((-6)/12).
139
Let y(k) = -k**3 + 12*k**2 - 17*k - 8. Let i be y(6). Suppose -2*h = 4*d + d - i, -3*d = 4*h - 184. What are the prime factors of h?
43
Suppose u = 15*u - 1302. Suppose 5*o + 4*z = 568, 3*o - 421 = 4*z - u. What are the prime factors of o?
2, 7
Suppose 4*h - 494 = -2*k, -3*k + 120 + 249 = 3*h. Suppose -294 = -11*m + h. List the prime factors of m.
2, 19
Suppose -i - 75*c + 70*c = -4466, 0 = 2*i - 4*c - 8904. List the prime factors of i.
2, 557
Let z = 104 + -69. Let x = z + -38. List the prime factors of 73 - ((-12)/4)/x.
2, 3
Let p(r) = -r**2 + 1. Let g(d) = -d**3 - 16*d**2 - 4. Let l(x) = -g(x) + 6*p(x). Let z = -24 + 14. What are the prime factors of l(z)?
2, 5
Let b = 664 - 415. What are the prime factors of b?
3, 83
Suppose 0 = -167*s + 169*s - 12. Suppose -8*i + s*i = -246. What are the prime factors of i?
3, 41
List the prime factors of -5 - (-560)/(16 - 11).
107
Suppose 3*u + w = 6*u - 24, -2*u = w - 11. Suppose -3*m + u + 2 = 0. Suppose -m = -0*l - l. List the prime factors of l.
3
Let t = -32 - -45. Let k = t + -6. Suppose 0 = 12*g - k*g - 55. List the prime factors of g.
11
Suppose -12 = -3*n - 0*n. Suppose n*a - 79 = 3*c, -a + 4*c - 8*c - 4 = 0. What are the prime factors of a?
2
Let b = 401 - -927. What are the prime factors of b?
2, 83
Let c = 466 - 315. Let r = 67 + c. What are the prime factors of r?
2, 109
Let y(n) be the third derivative of -n**6/120 + n**4/8 + n**3/6 + 8*n**2. Let l be y(-2). Let h = l - -3. What are the prime factors of h?
2, 3
Let h(t) = t**2 + 2*t - 2. Let l be h(2). Suppose 3*i = 9 + l. Suppose -i*d - 3*b + 85 = -119, d + 5*b = 54. List the prime factors of d.
3, 13
Suppose -4*m - 9381 = -18*h + 13*h, -h = -4*m - 1873. List the prime factors of h.
1877
Let i(u) = -2*u**2 - 18*u - 11. Let c be i(-8). Suppose v = 4*p - 1, -3*p + p = -v + c. List the prime factors of v.
11
Suppose 0 = m + 26 - 4. Let i = m + 41. What are the prime factors of i?
19
Let s = 3 - 2. Let g(i) = 8*i. Let d be g(s). Let a(z) = 2*z + 2. What are the prime factors of a(d)?
2, 3
Suppose 0 = 3*g + 2*g + 1815. What are the prime factors of (-1)/(g/(-183) - 2)?
61
Let a = -34 + 40. What are the prime factors of (-5187)/(-52) + a/(-8)?
3, 11
Let l(g) = 221*g**2. Let v = -6 - -5. What are the prime factors of l(v)?
13, 17
What are the prime factors of (-2)/(-3) + 1240*(-4)/(-12)?
2, 3, 23
Let t(l) = -2*l**3 - 7*l**2 - 7*l - 1. List the prime factors of t(-8).
631
Suppose -5*v + 111 = -3*o + 17, -o - 78 = -4*v. List the prime factors of v.
2, 5
List the prime factors of ((-540)/(-18))/(3 + (-84)/32).
2, 5
Let h be (-8)/(-3) - 3/(-9). Suppose -2*d - 13 = m, 6 = -h*d - 0. What are the prime factors of (-314)/(-8) + m/36?
3, 13
Suppose 4*d = -4*v, -3*d - d + 3*v = -14. Let y(u) = -27*u**2.